 (10/d - 1) + (-412)/(-12)?
5, 7
Let n = -61 + 58. Let l(i) = -15*i**3 + 3*i**2 - 2*i - 2. List the prime factors of l(n).
2, 109
Suppose -15*a - 12 = -17*a. Suppose -6*c + 2*c = 3*n - 66, 0 = 2*c - a. List the prime factors of n.
2, 3
Suppose 20*a = 7*a + 195. Suppose -2664 - 2481 = -a*t. List the prime factors of t.
7
Suppose 4*k + 5*g = 54, 0 = -3*k + 4*k + 3*g - 10. Let d be (-1 + -1)/(9/(3240/k)). Let b = d - -239. What are the prime factors of b?
2, 97
List the prime factors of ((-1700)/(-680))/((-10)/(-59988)).
3, 4999
What are the prime factors of -11*(1838/(-6))/(78/234)?
11, 919
Let t = 11685 - 3941. Suppose -32*i + t = -10*i. List the prime factors of i.
2, 11
Suppose 3 = -g + 4*o - 10, 0 = 5*g + o - 19. Let b be (-16 + -35)*g/1. List the prime factors of (b/6)/(3/(-6)).
3, 17
Let n = 9452 + -4653. List the prime factors of n.
4799
Let u = 655 + 76. Suppose 0 = 2*h + 4*f - 514, 3*h - 2*f = -0*f + u. List the prime factors of h.
13, 19
Suppose -d - 1210 = 4*d. Suppose -10493 + 6423 = -16*b + 5*b. Let g = d + b. What are the prime factors of g?
2
Suppose 0 = -2*p - 2*u + 56736, 2*p - 4*u + 17210 = 73946. List the prime factors of p.
2, 3, 197
Suppose 87*q = 32714 + 143287. What are the prime factors of q?
7, 17
Let d(x) = -x**2 + 7*x - 4. Let g be d(-4). Let m = g - -116. Let z = m + 4. List the prime factors of z.
2, 3
Let r(t) = 130*t - 4364. What are the prime factors of r(105)?
2, 4643
Let s(f) be the first derivative of -f**4/2 - 7*f**3/3 + 16*f**2 + 13*f + 45. Let n be s(-9). Suppose 34*j - 30*j = n. What are the prime factors of j?
2, 7, 11
Let d(z) = z**3 + z**2 - z + 2. Let h be d(0). Suppose 5*m - 30 = 4*q - 554, 0 = -h*m + 5*q - 213. List the prime factors of (-2)/2 - (-1 + m).
2, 13
Suppose -313 + 84 = -3*s - 2*g, -2*s = 3*g - 151. What are the prime factors of 5992/s + (2/11)/1?
2, 3, 13
What are the prime factors of ((-336215)/10 + -21)*-2?
5, 13457
What are the prime factors of -2*1*((-1430484)/264 - 1*-5)?
3, 401
Suppose 4*v - 16583 = -y, -16253 = -4*v - 4*y + 339. What are the prime factors of v?
5, 829
Let l = -1170 + 573. Let y = 636 + l. What are the prime factors of y?
3, 13
List the prime factors of 14775520/310 - (-11)/341.
7, 11, 619
Suppose 0 = g + 9*g - 0*g. Suppose g = 15*q - 12*q - 9. Suppose -4*y = q*y - 560. List the prime factors of y.
2, 5
Let q(x) = -550*x - 297. List the prime factors of q(-13).
7, 11, 89
Suppose -675 = -6*d + 1275. Suppose -4*j = 5*b - 1622, b - 6*j - d = -7*j. What are the prime factors of b?
2, 7, 23
Let f(j) = -j**3 + 2*j. Let d be f(-2). Let b be (-9 + 15)*76/6. Suppose 0*i - 4*x = -2*i + 38, -d*i - 2*x = -b. List the prime factors of i.
19
Let j(d) = -8*d + 55. Let p be j(5). List the prime factors of ((-5)/p)/((-2)/(-4554)*-3).
11, 23
Suppose -28*g + 642330 = 37*g. What are the prime factors of g?
2, 3, 61
Let x = -286 - -472. Let a = x + 548. What are the prime factors of a?
2, 367
Suppose 31*h - 4*a = 35*h - 34016, 0 = -5*h - 2*a + 42511. What are the prime factors of h?
8501
Let q be 6/1*2/6. Let j be ((-18)/3)/((q + -1)*-2). Suppose -j*k + 334 = 64. What are the prime factors of k?
2, 3, 5
Let s = -44 + 47. Suppose 7*f + 3*a = s*f - 47, 4*a + 4 = 0. List the prime factors of (-239 - (0 - 1))*f/22.
7, 17
Let s(z) = z**2 - 7*z - 2. Let i(f) = f**2 + 8. Let h be i(0). Let k be s(h). Suppose k*p = -30 + 132. List the prime factors of p.
17
Suppose -2*x - 6*u + 10*u - 6 = 0, 5*x + 2*u = 33. What are the prime factors of (1512/(-140))/(-1*1/x)?
2, 3
Suppose -6 = -16*p + 13*p. Suppose 0 = a + p*u + 36 - 250, 3*u - 423 = -2*a. What are the prime factors of a?
2, 3, 17
Let d be (-302)/(-2) + 0 + 6. Let w = d + -52. List the prime factors of w.
3, 5, 7
Suppose -5*o - 7*t + 11*t = -4296, -3444 = -4*o - 4*t. List the prime factors of o.
2, 5, 43
Suppose 65518 = 3*i - 2*p, -22*p + 12*p = -5*i + 109190. What are the prime factors of i?
2, 3, 5, 7, 13
Let b be 0/(-1) + 14 + -10. Suppose c = -b*c + 685. What are the prime factors of c?
137
Let z(v) = 4*v**2 - v - 644. Let f(m) = 3*m**2 - m - 645. Let b(r) = -5*f(r) + 4*z(r). List the prime factors of b(0).
11, 59
Suppose 251829 = -21*f + 102*f. What are the prime factors of f?
3109
Let q(l) be the first derivative of 5*l**4/4 - l**3/3 + l**2/2 - l - 9. Let g be q(1). Let j = g + -2. List the prime factors of j.
2
Suppose 6*v - 11 = 25. Suppose v*w - 625 = 827. Let t = w - 136. List the prime factors of t.
2, 53
Let v = 587 + 5064. List the prime factors of v.
5651
Suppose 2147*g - 2020*g - 5082667 = 0. What are the prime factors of g?
31, 1291
Let q be 1*-2 + 14/(-35)*-15. Suppose 0 = -q*w + 6*w. Suppose -9*t + t + 432 = w. What are the prime factors of t?
2, 3
Let i be -2 + (10260/(-5))/(-4). Let y = -139 + i. What are the prime factors of y?
2, 3, 31
What are the prime factors of (-146113)/(-16) + (-71)/1136?
2, 3, 761
Suppose 3*x + x - 480 = p, 0 = 2*p + 2*x + 1010. Let k = 706 + p. What are the prime factors of k?
2, 103
Suppose -2*p - 22 = -2*d + 8, -4*p = d + 10. What are the prime factors of 165/275 + 9194/d?
2, 5, 23
Let o be -110 + 3/6*-4. List the prime factors of (-6)/14 + (-112160)/o.
7, 11, 13
Let r be 1 + (-1 - (2 - 4)*-37). Let j = r + 50. Let t = j - -133. What are the prime factors of t?
109
Let q = -163 + 103. What are the prime factors of 3007/(-93)*q/2?
2, 5, 97
Suppose -193*b - 2818295 + 1608659 = -9990557. What are the prime factors of b?
45497
Suppose 4*b - 5 = -d + 9, 0 = 4*d + 5*b - 23. Suppose 0 = -d*u, 0 = -16*g + 13*g + u + 135. What are the prime factors of g?
3, 5
Let m(a) = -3710*a - 538. List the prime factors of m(-3).
2, 331
List the prime factors of -5 + (-2)/(40646/13550 - (-26 - -29)).
2, 5, 677
Let y be -2 - ((-1 - -3) + 6). List the prime factors of 192900/130 - y/65.
2, 7, 53
List the prime factors of (9*2/81)/(-2) - 170228/(-18).
7, 193
Let j = 63997 - 36979. List the prime factors of j.
2, 3, 19, 79
Let u = 10902 + -1528. Suppose u = 11*l + 2015. What are the prime factors of l?
3, 223
Suppose -2*f = -3*k - 0*f + 1, 3*k - 4*f - 5 = 0. Let g be 45 + k/(0 - 3/9). Suppose -328 - g = -4*t. List the prime factors of t.
2, 47
Suppose -39*p - 86588 = -3*g - 37*p, 0 = -4*p - 16. What are the prime factors of g?
2, 3, 5, 13, 37
Let f(c) = -481*c**3 + 9*c**2 + 11*c - 3. List the prime factors of f(-2).
17, 227
Let h = -445 + 1386. List the prime factors of h.
941
Suppose 2*x + 6 - 10 = 0. Let z(t) = -3*t + 5. Let p be z(x). List the prime factors of (27/(-12) - p)/(4/(-96)).
2, 3, 5
Suppose -108*x = -104*x + b - 49181, 3*x - 36885 = -b. List the prime factors of x.
2, 29, 53
Suppose -5*w - 2*q + 0*q = -23, -10 = -w + 5*q. Suppose w - 2 = 3*z - 3*n, n = -3*z - 13. Let h(c) = -c**3 + 3*c**2 + 5*c + 3. List the prime factors of h(z).
2, 3, 7
Let t = 266 + -270. List the prime factors of t/16 + 662*7/8.
3, 193
Suppose 130*h + 19980 = 121*h. Let w = h - -4070. What are the prime factors of w?
2, 5, 37
Let f(j) be the third derivative of j**6/120 + 8*j**5/15 - 11*j**4/6 + 28*j**3/3 + 5*j**2 - 1. What are the prime factors of f(-33)?
419
Suppose 23*w + 1326 = -11*w. Let j(f) = -9*f + 166. List the prime factors of j(w).
11, 47
Let u = 87 + -83. Suppose 5*d - 16 = u*d. Suppose -d*b - 741 = -19*b. What are the prime factors of b?
13, 19
Let k be ((-15)/(-6))/((-1)/(-98)). Suppose 6*s + 18*s + 2472 = 0. Let z = k + s. List the prime factors of z.
2, 71
Let f = -64 - 404. Let a = f - -825. List the prime factors of a.
3, 7, 17
Let i be (-3)/4 + 134/8. Let x be (i/(-24))/((-8)/(-18))*-2. Suppose 3*c = 3*d - 90, x*c = d + 7 - 39. What are the prime factors of d?
29
Let a(j) = -2*j - 35. Let t be a(-18). List the prime factors of 4*((82 - 6) + t).
2, 7, 11
Let t = -13242 + 15962. List the prime factors of t.
2, 5, 17
Let r be 3 - 3 - (-1517 + -8). Let q = r - 892. List the prime factors of q.
3, 211
Suppose 373 = 6*h - 1853. Let y = h + -101. List the prime factors of y.
2, 3, 5
Let w(h) = 6*h**3 - 63*h**2 + 55*h - 185. What are the prime factors of w(21)?
28753
Suppose t = 4*i - 8, 6 = 3*t - 0*i - 2*i. Suppose -282 - 272 = -2*a + t*l, -a + 289 = 4*l. List the prime factors of a.
281
Suppose 781041 + 354135 = 84*l. What are the prime factors of l?
2, 29, 233
Let m(s) be the third derivative of -115*s**4/24 - 41*s**3/